c(w) = -8*w**3 + 567*w**2 + 653*w - 371. What is c(72)?
-11
Let b(f) = -1258*f - 347133. What is b(-276)?
75
Let j(b) = -159830*b - 2077792. Give j(-13).
-2
Let q(m) = 16*m**2 + 5595*m - 16834. Determine q(3).
95
Let w(j) = -10298*j - 10242. Determine w(-1).
56
Let w(m) = 559*m**2 + 13975*m - 4. Determine w(-25).
-4
Let s(l) = 37286*l - 149114. Determine s(4).
30
Let y(u) = 2*u**2 - 342*u - 3175. Determine y(-9).
65
Let k(v) = -38*v**2 + 553*v - 1273. Calculate k(3).
44
Let q(t) = 627*t - 21545. Calculate q(35).
400
Let x(q) = 7*q**2 + 183*q - 192. Give x(-31).
862
Let z(r) = 43*r**2 + 522*r + 138. Calculate z(-12).
66
Let c(n) = -2*n**2 + 2730*n + 228657. Calculate c(-79).
505
Let f(z) = 91*z**2 - 158*z + 63. Determine f(8).
4623
Let u(m) = 102242*m + 2760536. Calculate u(-27).
2
Let p(c) = -2*c**3 - 71*c**2 - 4325*c - 156990. Calculate p(-36).
6
Let d(m) = 2*m**3 - 528*m**2 + 555*m - 7531. Calculate d(263).
96
Let s(d) = -2*d**3 + 482*d**2 + 9323*d + 255. Give s(259).
-4
Let m(s) = -2*s**2 - 180*s + 536. Calculate m(-98).
-1032
Let i(d) = 11*d**3 - 9244*d**2 - 15158*d + 1726. Calculate i(842).
42
Let m(o) = -o**2 + 174*o - 4569. What is m(144)?
-249
Let v(i) = 1203*i - 661655. Calculate v(550).
-5
Let k(i) = 298*i + 4165. What is k(-14)?
-7
Let b(j) = 430054*j + 1290229. Give b(-3).
67
Let b(w) = 22*w**2 + 1673*w + 122. Calculate b(-76).
46
Let u(n) = -n**3 + 187*n**2 + 1799*n - 123709. Give u(193).
4
Let h(w) = 9992*w + 209801. What is h(-21)?
-31
Let p(q) = -q**2 + 2173*q - 54344. What is p(25)?
-644
Let m(j) = 8543*j + 170858. Calculate m(-20).
-2
Let l(k) = -836*k - 250698. Give l(-300).
102
Let a(t) = -231*t**2 + 32*t + 310. Calculate a(0).
310
Let z(t) = -334*t**3 - 6*t**2 + 14*t - 9. Give z(1).
-335
Let g(b) = -202*b + 1571. What is g(11)?
-651
Let j(o) = o**2 + 95*o + 61. Calculate j(-2).
-125
Let i(g) = 4129029*g + 24774177. Calculate i(-6).
3
Let g(j) = -j**2 + 335*j + 16653. Give g(-43).
399
Let j(g) = 14*g**3 - 113*g**2 + 161*g - 7. What is j(5)?
-277
Let j(i) = -37*i**2 - 214*i - 454. Determine j(-2).
-174
Let u(c) = c**3 - 94*c**2 + 1192*c - 24. What is u(15)?
81
Let l(y) = -y**3 - 240*y**2 - 287*y - 11293. What is l(-239)?
179
Let k(p) = 3*p**2 - 39*p - 112. Calculate k(18).
158
Let x(h) = -98*h**2 + 2005*h + 3326. What is x(22)?
4
Let t(g) = 11*g**2 + 8098*g - 80583. Determine t(-746).
-15
Let j(z) = 2*z**2 - 146*z + 1532. What is j(19)?
-520
Let n(q) = 1004*q - 18761. Give n(19).
315
Let o(d) = -d**2 + 8746*d - 252799. Determine o(29).
-6
Let v(x) = 37*x**2 + 2551*x + 83. What is v(-69)?
221
Let b(h) = -83*h**2 - 1353*h - 502. Give b(-16).
-102
Let m(h) = 20*h**2 + 1687*h + 17779. Calculate m(-72).
-5
Let g(n) = -490*n - 10604. Give g(-25).
1646
Let h(y) = -y**3 - 75*y**2 + 416*y + 1753. Calculate h(-80).
473
Let j(x) = -232*x**2 + 113*x + 114. What is j(1)?
-5
Let l(o) = -4778*o - 473432. Calculate l(-99).
-410
Let z(w) = -215*w - 333. Give z(-6).
957
Let o(i) = 7*i**3 - 150*i**2 + 792*i - 80. Give o(9).
1
Let s(c) = -63989*c - 447917. What is s(-7)?
6
Let r(g) = 228*g - 11924. Determine r(59).
1528
Let a(z) = -z**3 + 13*z**2 + 3*z - 28. Determine a(13).
11
Let i(l) = 2*l**3 + 11*l**2 + 688*l + 5522. Determine i(-8).
-302
Let p(g) = -45*g**2 + 2940*g - 48085. Determine p(33).
-70
Let p(z) = -z**3 - 180*z**2 - 2391*z + 230023. Determine p(-155).
3
Let n(u) = -6*u**3 - 84*u**2 - 730*u - 10632. Calculate n(-14).
-412
Let x(y) = -277*y**2 - 459268*y - 3314. What is x(-1658)?
2
Let c(y) = -90*y**3 + 33*y**2 + 60*y + 6. Calculate c(-2).
738
Let c(y) = -55*y**2 - 1390*y + 1047. Determine c(-26).
7
Let m(y) = 3*y**3 - 1940*y**2 - 4577*y + 22072. Give m(649).
6
Let o(b) = 79320*b - 79205. Determine o(1).
115
Let f(z) = -1872*z + 4646. Give f(2).
902
Let y(w) = -w**3 - 41*w**2 - 342*w + 94. Give y(-22).
-1578
Let i(c) = -c**2 - 39918*c - 1595126. Determine i(-40).
-6
Let l(t) = 2*t**2 - 15639*t + 19. What is l(0)?
19
Let z(s) = 6*s**2 - 387*s + 3490. Calculate z(9).
493
Let d(g) = 12*g**3 + 425*g**2 + 190*g + 489. What is d(-35)?
-36
Let g(w) = w**2 - 66*w + 1169. Calculate g(33).
80
Let f(l) = -1112*l**2 + 141*l + 141. Calculate f(-1).
-1112
Let n(v) = -2696*v + 10518. Give n(4).
-266
Let q(a) = 16594*a - 49960. What is q(3)?
-178
Let b(p) = 1079*p - 68010. Determine b(63).
-33
Let t(f) = -f**3 + 17*f**2 - 35*f - 211. What is t(20)?
-2111
Let g(c) = c**3 + 32*c**2 - 32*c - 2. Calculate g(1).
-1
Let a(w) = -w**2 + 2271*w + 48160. What is a(-21)?
28
Let f(d) = -d**3 - 68*d**2 + 1875*d - 89. Determine f(21).
37
Let s(p) = 178*p**2 - 53925*p - 2733. Give s(303).
-6
Let t(c) = -146*c + 6680. Determine t(23).
3322
Let w(x) = -4295*x + 4372. Calculate w(1).
77
Let b(l) = l**3 + 102*l**2 + 2177*l + 261680. Calculate b(-105).
20
Let k(d) = d**3 - 122*d**2 + 142*d - 1694. What is k(121)?
847
Let m(t) = 4*t**3 + 265*t**2 - 25802*t - 231. Calculate m(-120).
9
Let w(i) = -3*i**3 - 52*i**2 - 43*i - 83. What is w(-16)?
-419
Let o(g) = 41090*g - 40769. Give o(1).
321
Let f(q) = 43538*q + 43462. Calculate f(-1).
-76
Let r(v) = -v**3 + 79*v**2 + 2243*v - 2118. Calculate r(101).
3
Let x(v) = 818*v - 8324. Give x(13).
2310
Let o(i) = i**2 + 148*i - 11912. Give o(-206).
36
Let j(r) = 11*r**3 - 262*r**2 - 49*r + 400. Calculate j(24).
376
Let g(v) = -v**2 + 90*v + 1629. What is g(-23)?
-970
Let c(a) = -4725*a + 61799. Calculate c(13).
374
Let b(x) = 80*x**3 - 959*x**2 - x. What is b(12)?
132
Let z(o) = -57*o**3 + 93*o**2 + 84*o - 344. Calculate z(4).
-2168
Let p(k) = 2725*k + 3280919. What is p(-1204)?
19
Let c(i) = -442*i - 17664. What is c(-40)?
16
Let y(u) = -27*u**3 - 21*u**2 - 128*u - 108. Determine y(-1).
26
Let b(y) = -y**3 - 23*y**2 + 6131*y + 152546. Determine b(-25).
521
Let r(q) = -1359*q + 13055. Determine r(10).
-535
Let p(l) = -l**3 - 135*l**2 + 5332*l + 94498. Calculate p(-164).
34
Let h(a) = -52*a**3 - a**2 + 18*a - 9. What is h(4)?
-3281
Let l(s) = 63067*s + 630666. Calculate l(-10).
-4
Let p(q) = 785*q**2 + 78*q - 3. What is p(0)?
-3
Let z(c) = -561*c + 50513. Give z(90).
23
Let r(h) = -9*h**3 + 226*h**2 - 17*h - 101. What is r(25)?
99
Let m(b) = -b**3 + 220*b**2 - 529*b + 67929. What is m(219)?
39
Let c(i) = -25*i**3 + 12*i**2 - 392*i + 1938. What is c(5)?
-2847
Let p(m) = 463*m + 16890. What is p(-36)?
222
Let t(s) = -30*s**2 + 2925*s - 27363. Calculate t(87).
42
Let r(n) = 5569*n - 5749. What is r(1)?
-180
Let n(i) = -i**3 - 138*i**2 + 14010*i - 148. Give n(68).
-12
Let i(l) = 2*l**2 - 173*l + 2293. What is i(16)?
37
Let b(f) = 3*f**2 + 185*f + 251. Determine b(-61).
129
Let g(l) = -4560*l + 36893. What is g(8)?
413
Let r(z) = 336*z**3 - 10*z**2 - 3*z + 35. Give r(2).
2677
Let w(i) = -19469*i - 7846016. Give w(-403).
-9
Let g(q) = -156*q**3 - 10142*q**2 - 149*q - 1236. Calculate g(-65).
-1
Let s(a) = 4*a**2 + 685*a + 28215. What is s(-69)?
-6
Let g(f) = f**3 - 33*f**2 - 46*f + 3343. What is g(31)?
-5
Let t(s) = 27*s**2 - 110*s + 1014. Give t(8).
1862
Let u(z) = 3*z**3 - 804*z**2 + 29638*z - 15686. What is u(224)?
-6
Let z(d) = 277*d**3 + 113*d**2 + 24*d + 23. Calculate z(-1).
-165
Let x(m) = -24*m**2 + 48*m - 17. Determine x(5).
-377
Let d(o) = o**3 - 33*o**2 + 113*o - 3327. Give d(33).
402
Let d(x) = -245*x**3 + 8*x**2 - 21*x + 2. Give d(2).
-1968
Let o(z) = 233*z + 11455. Give o(-49).
38
Let p(q) = 2*q**3 + 80*q**2 + 295*q + 2786. Give p(-37).
85
Let a(j) = -j**2 - 52*j + 103. Calculate a(-51).
154
Let g(l) = -110*l**2 - 5650*l - 25445. Determine g(-5).
55
Let p(q) = q**3 - 185*q**2 - 81*q + 15195. Determine p(185).
210
Let o(w) = -12118*w - 84843. What is o(-7)?
-17
Let n(t) = -99*t**3 + 62*t**2 - 121*t + 7. What is n(2)?
-779
Let s(r) = -13700*r + 26. What is s(0)?
26
Let w(h) = 9*h**3 - 332*h**2 - 40*h + 120. What is w(37)?
9
Let k(i) = i**3 - 398*i**2 + 1728*i + 244605. Determine k(392).
-3
Let z(y) = -7325*y - 59060. What is z(-8)?
-460
Let f(c) = -24216*c - 629612. Calculate f(-26).
4
Let q(h) = h**2 - 249*h + 9121. Calculate q(43).
263
Let g(l) = 6*l**3 + 1176*l**2 - 10*l - 1986. Give g(-196).
-26
Let t(s) = -2*s**3 + 44*s**2 + 246*s - 798. Calculate t(26).
190
Let u(t) = 33842*t - 44. Give u(0).
-44
Let q(b) = -505*b - 10757. What is q(-21)?
-152
Let g(o) = -17*o**2 - 47*o + 352. Give g(-6).
22
Let p(w) = -233*w**2 + 13